mmon divisor of 1348 and 4381?
337
Calculate the highest common divisor of 22 and 1661.
11
Calculate the highest common factor of 63 and 72.
9
What is the greatest common divisor of 286 and 748?
22
Calculate the highest common divisor of 27 and 9747.
27
What is the greatest common divisor of 2 and 2?
2
Calculate the highest common divisor of 1798 and 464.
58
Calculate the greatest common factor of 817 and 86.
43
What is the greatest common divisor of 123 and 57?
3
What is the highest common divisor of 75 and 375?
75
Calculate the greatest common divisor of 522 and 54.
18
What is the highest common divisor of 1096 and 411?
137
Calculate the highest common divisor of 101648 and 16.
16
What is the highest common factor of 729 and 36?
9
What is the highest common divisor of 16 and 976?
16
What is the greatest common factor of 32 and 3104?
32
What is the highest common divisor of 8 and 92?
4
Calculate the greatest common divisor of 7 and 1267.
7
Calculate the highest common factor of 70 and 35.
35
What is the greatest common factor of 7 and 427?
7
What is the greatest common divisor of 2 and 6?
2
Calculate the highest common divisor of 315 and 1855.
35
What is the greatest common divisor of 192 and 1704?
24
Calculate the greatest common factor of 3664 and 32.
16
Calculate the greatest common factor of 321 and 214.
107
What is the highest common factor of 3182 and 1184?
74
What is the highest common divisor of 30282 and 14?
14
Calculate the greatest common factor of 252 and 364.
28
What is the greatest common divisor of 6123 and 78?
39
What is the highest common factor of 30 and 2415?
15
Calculate the highest common divisor of 41 and 82.
41
Calculate the highest common divisor of 120 and 660.
60
What is the greatest common factor of 18415 and 145?
145
Calculate the greatest common factor of 25 and 925.
25
Calculate the highest common divisor of 500 and 50.
50
Calculate the highest common divisor of 38 and 361.
19
What is the highest common factor of 812 and 4?
4
What is the highest common divisor of 286 and 99?
11
Calculate the greatest common factor of 14227 and 164.
41
Calculate the highest common factor of 40 and 130.
10
Calculate the greatest common divisor of 404 and 8.
4
Calculate the highest common divisor of 55 and 6655.
55
What is the greatest common divisor of 505 and 10?
5
What is the highest common divisor of 34 and 221?
17
What is the highest common divisor of 5975 and 25?
25
Calculate the greatest common divisor of 1053 and 650.
13
What is the highest common divisor of 1045 and 22?
11
Calculate the greatest common factor of 1792 and 44.
4
Calculate the highest common divisor of 442 and 782.
34
Calculate the highest common divisor of 160 and 14240.
160
What is the greatest common factor of 368 and 644?
92
Calculate the highest common divisor of 310 and 10.
10
Calculate the highest common divisor of 3234 and 176.
22
Calculate the greatest common factor of 11680 and 8.
8
Calculate the greatest common factor of 10 and 2.
2
What is the highest common divisor of 245 and 55615?
245
What is the greatest common factor of 72 and 477?
9
What is the greatest common factor of 35 and 21?
7
What is the greatest common divisor of 6489 and 63?
63
What is the highest common divisor of 249 and 13197?
249
Calculate the greatest common divisor of 8 and 636.
4
What is the highest common divisor of 6 and 16?
2
What is the greatest common divisor of 66 and 132?
66
Calculate the highest common divisor of 72 and 1944.
72
What is the greatest common factor of 36 and 36432?
36
What is the greatest common divisor of 8 and 580?
4
Calculate the greatest common factor of 300 and 960.
60
Calculate the highest common divisor of 610 and 1342.
122
Calculate the greatest common factor of 650 and 150.
50
What is the highest common factor of 184 and 69?
23
Calculate the highest common factor of 13 and 6227.
13
What is the greatest common divisor of 15620 and 80?
20
Calculate the greatest common factor of 6 and 678.
6
Calculate the greatest common factor of 43 and 1161.
43
What is the greatest common factor of 304 and 2?
2
What is the greatest common divisor of 228 and 78?
6
Calculate the greatest common factor of 2226 and 42.
42
Calculate the greatest common divisor of 35 and 1015.
35
What is the highest common factor of 117 and 90?
9
Calculate the highest common divisor of 198 and 36.
18
Calculate the highest common factor of 23 and 1909.
23
Calculate the greatest common factor of 26 and 1417.
13
What is the highest common factor of 1809 and 81?
27
What is the greatest common divisor of 5 and 32?
1
What is the highest common factor of 474 and 6?
6
Calculate the greatest common divisor of 208 and 16.
16
What is the highest common factor of 3050 and 50?
50
Calculate the highest common factor of 217 and 62.
31
Calculate the highest common factor of 3006 and 9.
9
Calculate the greatest common divisor of 180 and 405.
45
What is the highest common divisor of 48 and 40944?
48
Calculate the highest common factor of 1629 and 905.
181
What is the highest common factor of 20 and 940?
20
What is the highest common divisor of 78 and 6?
6
Calculate the highest common divisor of 1216 and 57.
19
Calculate the highest common divisor of 39 and 19409.
13
Calculate the greatest common divisor of 80 and 170.
10
Calculate the highest common divisor of 53 and 1060.
53
Calculate the greatest common divisor of 1424 and 445.
89
What is the greatest common divisor of 14720 and 115?
115
What is the highest common divisor of 2156 and 112?
28
What is the highest common divisor of 18 and 1062?
18
What is the greatest common factor of 1000 and 2?
2
What is the greatest common divisor of 909 and 27?
9
Calculate the highest common factor of 1023 and 3999.
93
Calculate the highest common factor of 567 and 42.
21
Calculate the highest common factor of 495 and 110.
55
What is the greatest common factor of 111 and 703?
37
What is the greatest common factor of 72 and 90?
18
Calculate the greatest common divisor of 64 and 5184.
64
What is the greatest common divisor of 37610 and 10?
10
Calculate the highest common factor of 328 and 205.
41
Calculate the greatest common factor of 31 and 22537.
31
What is the greatest common divisor of 184 and 16?
8
What is the greatest common factor of 16 and 1168?
16
Calculate the highest common factor of 470 and 110.
10
Calculate the highest common divisor of 880 and 1584.
176
Calculate the highest common divisor of 848 and 304.
16
What is the greatest common divisor of 3245 and 1062?
59
What is the highest common divisor of 2 and 352?
2
Calculate the highest common divisor of 28 and 63.
7
Calculate the highest common divisor of 21 and 3423.
21
Calculate the greatest common factor of 48 and 76.
4
Calculate the greatest common divisor of 28 and 1348.
4
Calculate the highest common divisor of 920 and 160.
40
Calculate the greatest common divisor of 252 and 3108.
84
What is the greatest common divisor of 62 and 9579?
31
What is the highest common divisor of 210 and 1785?
105
Calculate the highest common factor of 10164 and 264.
132
What is the highest common factor of 75 and 100?
25
What is the greatest common factor of 61 and 1281?
61
What is the greatest common factor of 103184 and 16?
16
Calculate the greatest common divisor of 775 and 50.
25
Calculate the highest common factor of 79 and 55379.
79
What is the greatest common divisor of 11 and 517?
11
What is the greatest common divisor of 468 and 72?
36
Calculate the highest common factor of 7 and 847.
7
What is the greatest common divisor of 3367 and 364?
91
What is the greatest common factor of 49 and 35917?
49
Calculate the highest common divisor of 49 and 70.
7
What is the highest common factor of 418 and 22?
22
What is the greatest common divisor of 76 and 1786?
38
What is the greatest common factor of 10 and 75?
5
What is the highest common factor of 798 and 95?
19
Calculate the greatest common divisor of 60 and 150.
30
What is the greatest common factor of 19 and 57?
19
Calculate the highest common factor of 955 and 10123.
191
What is the greatest common divisor of 4 and 2?
2
What is the highest common factor of 4425 and 59?
59
Calculate the greatest common factor of 1206 and 938.
134
What is the greatest common fac